{"version":"1.0","provider_name":"karcsusitunk","provider_url":"https:\/\/karcsusit.cafeblog.hu","author_name":"karcsusitunk","author_url":"https:\/\/karcsusit.cafeblog.hu\/author\/karcsusitunk\/","title":"T\u00f6k nem mindegy !","html":"[caption id=\"attachment_1131\" align=\"alignleft\" width=\"400\"]<a href=\"https:\/\/karcsusit.cafeblog.hu\/files\/2015\/01\/s\u00fct\u0151t\u0151ok-\u00e9s-cs\u00edram\u00e1l\u00e9.jpg\"><img class=\"wp-image-1131 size-full\" src=\"https:\/\/karcsusit.cafeblog.hu\/files\/2015\/01\/s\u00fct\u0151t\u0151ok-\u00e9s-cs\u00edram\u00e1l\u00e9.jpg\" alt=\"S\u00fct\u0151t\u00f6kb\u0151l k\u00e9sz\u00fclt \u00e9dess\u00e9ggel k\u00e9nyeztethetj\u00fck, ugyanakkor t\u00e1pl\u00e1lhatjuk is test\u00fcnket !\" width=\"400\" height=\"300\" \/><\/a> S\u00fct\u0151t\u00f6kb\u0151l k\u00e9sz\u00fclt \u00e9dess\u00e9ggel k\u00e9nyeztethetj\u00fck, ugyanakkor t\u00e1pl\u00e1lhatjuk is test\u00fcnket ![\/caption]\r\n<h3><span style=\"color: #ff6600\"><strong>V\u00e9ge a \u00a0\"t\u00f6k-farag\u00f3 \" \u00a0szezonnak,- \u00a0az ijeszt\u0151 \u00a0t\u00f6k-l\u00e1mp\u00e1sokat \u00a0r\u00e9gen megett\u00e9k a madarak, <\/strong><\/span><\/h3>\r\n<p><span style=\"color: #ff6600\"><strong>a <span style=\"color: #008000\">\u00a0<\/span><\/strong><\/span><span style=\"color: #008000\"><strong>T\u00d6K - t\u00e9m\u00e1r\u00f3l \u00a0m\u00e9gsem sz\u00e1llhatunk le !<\/strong><\/span><\/p>\r\n<p>\u00a0<strong>Vitaminok, rostok, k\u00e1lium \u00e9s vas \u00a0ut\u00e1np\u00f3tl\u00e1sa di\u00e9ta idej\u00e9n k\u00fcl\u00f6n\u00f6sen fontos.<\/strong><\/p>\r\n<p>A s\u00fct\u0151t\u00f6k pedig nem csak finom, de <span style=\"color: #ff6600\"><em><strong>egyik \u00a0legkev\u00e9sb\u00e9 allerg\u00e9n z\u00f6lds\u00e9g\u00fcnk. <\/strong><\/em><\/span><\/p>\r\n<p>K\u00f6nnyen em\u00e9szthet\u0151, \u00a0ugyanakkor\u00a0csod\u00e1s t\u00e1panyagokat tartalmaz:<\/p>\r\n<ul>\r\n<li>vitaminokkal,<\/li>\r\n<li>\u00e1sv\u00e1nyi anyagokkal, mint magn\u00e9zium, k\u00e1lium, \u00e9s vas<\/li>\r\n<li>rostokkal,<\/li>\r\n<li>antioxid\u00e1nsokkal.<\/li>\r\n<li>Karotin, C, A, K, E vitaminnal<\/li>\r\n<li>Vitaminok, rostok, k\u00e1lium \u00e9s vas \u00a0ut\u00e1np\u00f3tl\u00e1sa di\u00e9ta idej\u00e9n k\u00fcl\u00f6n\u00f6sen fontos.<\/li>\r\n<li>10 dkg s\u00fct\u0151t\u00f6k 80 kal\u00f3ri\u00e1t tartalmaz<\/li>\r\n<\/ul>\r\n<p><strong><strong>\u00a0<\/strong><\/strong><\/p>\r\n<p><b>Ne feledkezz\u00fcnk meg a t\u00f6kmagr\u00f3l sem !<\/b><\/p>\r\n<ul>\r\n<li>Tele van \u00e1sv\u00e1nyi anyagokkal,<\/li>\r\n<li>csod\u00e1s gyullad\u00e1s cs\u00f6kkent\u0151 hat\u00e1ssal.<\/li>\r\n<\/ul>\r\n<p><strong>Er\u0151s fizikai, \u00e9s vagy szellemi megterhel\u00e9s eset\u00e9n seg\u00edti szervezet\u00fcnk regener\u00e1l\u00f3d\u00e1s\u00e1t, a stressz lek\u00fczd\u00e9s\u00e9t.<\/strong><\/p>\r\n<p><a href=\"https:\/\/karcsusit.cafeblog.hu\/files\/2015\/01\/s\u00f6t\u0151t\u00f6k.jpg\"><img class=\"alignleft size-full wp-image-1132\" src=\"https:\/\/karcsusit.cafeblog.hu\/files\/2015\/01\/s\u00f6t\u0151t\u00f6k.jpg\" alt=\"s\u00f6t\u0151t\u00f6k\" width=\"400\" height=\"300\" \/><\/a>\u00a0Cegl\u00e9den a \u00a0reform t\u00e1pl\u00e1lkoz\u00e1s elhivatott szak\u00e9r\u0151- v\u00e1llalkoz\u00f3i\u00a0\u00f6tv\u00f6zik a trad\u00edci\u00f3t, \u00a0a biogazd\u00e1lkod\u00e1st az eg\u00e9szs\u00e9ges \u00e9telek\u00a0modern feldolgoz\u00e1si elj\u00e1r\u00e1saival.<\/p>\r\n<p>S\u00fct\u0151t\u00f6kb\u0151l \u00a0-saj\u00e1t szabadalom alapj\u00e1n- \u00a0k\u00e9sz\u00edtett sal\u00e1t\u00e1ikkal \u00e9s <a title=\"\u0150si \u00e9dess\u00e9g, vitaminbomba.\" href=\"https:\/\/karcsusit.cafeblog.hu\/2014\/12\/18\/osi-edesseg-vitaminbomba\/\">desszertekke<\/a>l h\u00f3d\u00edtanak .<\/p>\r\n<p>K\u00fcl\u00f6n\u00f6sen a t\u00e9li h\u00f3napokban mindennap elfogyasztunk kellene egy szelet s\u00fclt t\u00f6k\u00f6t, hogy\u00a0<\/p>\r\n<p>kiv\u00e1l\u00f3 ellen\u00e1ll\u00f3 k\u00e9pess\u00e9ge legyen szervezet\u00fcnknek.<\/p>\r\n<p>&nbsp;<\/p>\r\n<p><span style=\"text-decoration: underline\"><strong>S\u00fct\u0151t\u00f6k bonbon<\/strong><\/span><\/p>\r\n<p>A mai \u201e\u00e9dess\u00e9gkult\u00fara\u201d sajnos \u00e1ltal\u00e1nos\u00a0\u00f6sszetev\u0151i \u00a0a feh\u00e9r-liszt, a margarin, a feh\u00e9r-cukor.<\/p>\r\n<p>Egyre t\u00f6bben szeretn\u00e9nek ett\u0151l eg\u00e9szs\u00e9gesebben \u00e9lni , t\u00e1pl\u00e1lkozni.<\/p>\r\n<p>Eg\u00e9szs\u00e9ges \u00e9dess\u00e9gk\u00e9nt\u00a0\u00a0jelent meg \u00a0a k\u00e9zi k\u00e9sz\u00edt\u00e9s\u0171 k\u00f3kuszos s\u00fct\u0151t\u00f6kgoly\u00f3.<\/p>\r\n<p><span style=\"text-decoration: underline\">\u00d6sszetev\u0151i:\u00a0<\/span><\/p>\r\n<ul>\r\n<li>A s\u00fct\u0151t\u00f6k aszalv\u00e1ny kr\u00e9mhez, az \u00e9dess\u00e9g \u00e1llag\u00e1t meghat\u00e1roz\u00f3<\/li>\r\n<li>eg\u00e9szs\u00e9ges b\u00fazakorpa,<\/li>\r\n<li>b\u00fazacs\u00edra,<\/li>\r\n<li>m\u00e9z,<\/li>\r\n<li>mazsola ker\u00fcl.<\/li>\r\n<\/ul>\r\n<p>NAGYON FINOM !<\/p>\r\n<p><span style=\"text-decoration: underline\"><strong>S\u00fct\u0151t\u00f6k sal\u00e1ta<\/strong><\/span><\/p>\r\n<ul>\r\n<li>Az apr\u00f3ra kock\u00e1zott, h\u0151 kezelt s\u00fct\u0151t\u00f6k,\u00a0<\/li>\r\n<li>bio csemegekukorica- \u00e9s<\/li>\r\n<li>uborka,<\/li>\r\n<li>\u00f6ntet<\/li>\r\n<\/ul>\r\n<p>&nbsp;<\/p>\r\n<p>&nbsp;<\/p>\r\n<p>&nbsp;<\/p>","type":"rich","thumbnail_url":"https:\/\/karcsusit.cafeblog.hu\/files\/2015\/01\/t\u00f6k-150x150.jpg","thumbnail_width":150,"thumbnail_height":150}

Tök nem mindegy !

[caption id="attachment_1131" align="alignleft" width="400"]<a href="https://karcsusit.cafeblog.hu/files/2015/01/sütőtőok-és-csíramálé.jpg"><img class="wp-image-1131 size-full" src="https://karcsusit.cafeblog.hu/files/2015/01/sütőtőok-és-csíramálé.jpg" alt="Sütőtökből készült édességgel kényeztethetjük, ugyanakkor táplálhatjuk is testünket !" width="400" height="300" /></a> Sütőtökből készült édességgel kényeztethetjük, ugyanakkor táplálhatjuk is testünket ![/caption]
<h3><span style="color: #ff6600"><strong>Vége a  "tök-faragó "  szezonnak,-  az ijesztő  tök-lámpásokat  régen megették a madarak, </strong></span></h3>
<p><span style="color: #ff6600"><strong>a <span style="color: #008000"> </span></strong></span><span style="color: #008000"><strong>TÖK - témáról  mégsem szállhatunk le !</strong></span></p>
<p> <strong>Vitaminok, rostok, kálium és vas  utánpótlása diéta idején különösen fontos.</strong></p>
<p>A sütőtök pedig nem csak finom, de <span style="color: #ff6600"><em><strong>egyik  legkevésbé allergén zöldségünk. </strong></em></span></p>
<p>Könnyen emészthető,  ugyanakkor csodás tápanyagokat tartalmaz:</p>
<ul>
<li>vitaminokkal,</li>
<li>ásványi anyagokkal, mint magnézium, kálium, és vas</li>
<li>rostokkal,</li>
<li>antioxidánsokkal.</li>
<li>Karotin, C, A, K, E vitaminnal</li>
<li>Vitaminok, rostok, kálium és vas  utánpótlása diéta idején különösen fontos.</li>
<li>10 dkg sütőtök 80 kalóriát tartalmaz</li>
</ul>
<p><strong><strong> </strong></strong></p>
<p><b>Ne feledkezzünk meg a tökmagról sem !</b></p>
<ul>
<li>Tele van ásványi anyagokkal,</li>
<li>csodás gyulladás csökkentő hatással.</li>
</ul>
<p><strong>Erős fizikai, és vagy szellemi megterhelés esetén segíti szervezetünk regenerálódását, a stressz leküzdését.</strong></p>
<p><a href="https://karcsusit.cafeblog.hu/files/2015/01/sötőtök.jpg"><img class="alignleft size-full wp-image-1132" src="https://karcsusit.cafeblog.hu/files/2015/01/sötőtök.jpg" alt="sötőtök" width="400" height="300" /></a> Cegléden a  reform táplálkozás elhivatott szakérő- vállalkozói ötvözik a tradíciót,  a biogazdálkodást az egészséges ételek modern feldolgozási eljárásaival.</p>
<p>Sütőtökből  -saját szabadalom alapján-  készített salátáikkal és <a title="Ősi édesség, vitaminbomba." href="https://karcsusit.cafeblog.hu/2014/12/18/osi-edesseg-vitaminbomba/">desszertekke</a>l hódítanak .</p>
<p>Különösen a téli hónapokban mindennap elfogyasztunk kellene egy szelet sült tököt, hogy </p>
<p>kiváló ellenálló képessége legyen szervezetünknek.</p>
<p>&nbsp;</p>
<p><span style="text-decoration: underline"><strong>Sütőtök bonbon</strong></span></p>
<p>A mai „édességkultúra” sajnos általános összetevői  a fehér-liszt, a margarin, a fehér-cukor.</p>
<p>Egyre többen szeretnének ettől egészségesebben élni , táplálkozni.</p>
<p>Egészséges édességként  jelent meg  a kézi készítésű kókuszos sütőtökgolyó.</p>
<p><span style="text-decoration: underline">Összetevői: </span></p>
<ul>
<li>A sütőtök aszalvány krémhez, az édesség állagát meghatározó</li>
<li>egészséges búzakorpa,</li>
<li>búzacsíra,</li>
<li>méz,</li>
<li>mazsola kerül.</li>
</ul>
<p>NAGYON FINOM !</p>
<p><span style="text-decoration: underline"><strong>Sütőtök saláta</strong></span></p>
<ul>
<li>Az apróra kockázott, hő kezelt sütőtök, </li>
<li>bio csemegekukorica- és</li>
<li>uborka,</li>
<li>öntet</li>
</ul>
<p>&nbsp;</p>
<p>&nbsp;</p>
<p>&nbsp;</p>

https://karcsusit.cafeblog.hu/files/2015/01/tök-150x150.jpg
